igit of 37858253?
5
What is the thousands digit of 78945511?
5
What is the units digit of 5702737?
7
What is the ten millions digit of 243938336?
4
What is the billions digit of 1437472575?
1
What is the ten thousands digit of 94373214?
7
What is the millions digit of 830796899?
0
What is the tens digit of 1824200708?
0
What is the ten millions digit of 35521438?
3
What is the hundred thousands digit of 47916317?
9
What is the hundreds digit of 1627770366?
3
What is the units digit of 118248362?
2
What is the hundreds digit of 116891257?
2
What is the millions digit of 51731755?
1
What is the hundred thousands digit of 568795801?
7
What is the ten millions digit of 313765870?
1
What is the units digit of 281980371?
1
What is the ten millions digit of 19517895?
1
What is the hundred thousands digit of 1344738712?
7
What is the hundreds digit of 44380218?
2
What is the hundred millions digit of 1275950476?
2
What is the tens digit of 1280303348?
4
What is the hundred thousands digit of 362439421?
4
What is the hundred thousands digit of 433915171?
9
What is the hundred thousands digit of 444725848?
7
What is the millions digit of 1521359550?
1
What is the units digit of 8971589?
9
What is the hundreds digit of 2544302?
3
What is the ten millions digit of 77734912?
7
What is the billions digit of 1892108333?
1
What is the millions digit of 32372650?
2
What is the millions digit of 1680732706?
0
What is the tens digit of 492374528?
2
What is the hundreds digit of 487553661?
6
What is the hundreds digit of 81446979?
9
What is the units digit of 148329035?
5
What is the hundreds digit of 27679344?
3
What is the ten millions digit of 155997454?
5
What is the hundred thousands digit of 834160090?
1
What is the tens digit of 647990?
9
What is the hundred thousands digit of 1120820059?
8
What is the hundreds digit of 180251144?
1
What is the hundred millions digit of 224160936?
2
What is the hundreds digit of 62530233?
2
What is the ten thousands digit of 40959340?
5
What is the tens digit of 463267191?
9
What is the ten millions digit of 2562031247?
6
What is the thousands digit of 193950455?
0
What is the hundred millions digit of 477976453?
4
What is the millions digit of 49445956?
9
What is the ten millions digit of 61379964?
6
What is the ten millions digit of 16665778?
1
What is the hundreds digit of 23144798?
7
What is the tens digit of 34800098?
9
What is the thousands digit of 103287206?
7
What is the ten thousands digit of 87139860?
3
What is the thousands digit of 323640898?
0
What is the thousands digit of 100104121?
4
What is the ten millions digit of 310205575?
1
What is the tens digit of 200603781?
8
What is the millions digit of 40146213?
0
What is the hundred thousands digit of 310100962?
1
What is the tens digit of 234364751?
5
What is the millions digit of 319925443?
9
What is the ten millions digit of 5153358023?
5
What is the units digit of 3490900240?
0
What is the thousands digit of 35192257?
2
What is the tens digit of 246931787?
8
What is the thousands digit of 7264280848?
0
What is the ten thousands digit of 230244732?
4
What is the units digit of 2723798006?
6
What is the units digit of 201876876?
6
What is the ten thousands digit of 3426000682?
0
What is the hundreds digit of 623194061?
0
What is the thousands digit of 9597223?
7
What is the thousands digit of 1319776662?
6
What is the hundred thousands digit of 6389176856?
1
What is the ten thousands digit of 98908801?
0
What is the ten millions digit of 514508045?
1
What is the hundred millions digit of 2647437239?
6
What is the ten millions digit of 47467346?
4
What is the millions digit of 1416294784?
6
What is the thousands digit of 44696037?
6
What is the ten millions digit of 23646526?
2
What is the ten millions digit of 91796655?
9
What is the tens digit of 4482020148?
4
What is the units digit of 38101945?
5
What is the ten thousands digit of 732959060?
5
What is the hundred millions digit of 619088605?
6
What is the hundred thousands digit of 16541343?
5
What is the hundred thousands digit of 1190223079?
2
What is the units digit of 66542015?
5
What is the millions digit of 681867807?
1
What is the hundreds digit of 790684919?
9
What is the hundred millions digit of 593257657?
5
What is the ten thousands digit of 3209159125?
5
What is the thousands digit of 3986983053?
3
What is the tens digit of 1933456841?
4
What is the units digit of 537985053?
3
What is the ten millions digit of 3387007720?
8
What is the ten thousands digit of 164266128?
6
What is the ten thousands digit of 94479010?
7
What is the hundred millions digit of 1575395359?
5
What is the hundred thousands digit of 1510786633?
7
What is the ten millions digit of 160900452?
6
What is the hundred thousands digit of 3067927346?
9
What is the units digit of 1930099909?
9
What is the tens digit of 55473301?
0
What is the tens digit of 81120296?
9
What is the hundred thousands digit of 831813630?
8
What is the billions digit of 1102418903?
1
What is the ten thousands digit of 12897266?
9
What is the tens digit of 23138684?
8
What is the ten millions digit of 5479366593?
7
What is the hundred thousands digit of 19526391?
5
What is the hundred thousands digit of 2789330601?
3
What is the millions digit of 87348443?
7
What is the ten millions digit of 390114962?
9
What is the ten millions digit of 52056777?
5
What is the hundred thousands digit of 501095126?
0
What is the tens digit of 75260470?
7
What is the tens digit of 20082594?
9
What is the hundred millions digit of 985471590?
9
What is the units digit of 487904962?
2
What is the ten thousands digit of 924634403?
3
What is the thousands digit of 1463308821?
8
What is the hundred millions digit of 2763905459?
7
What is the units digit of 670527580?
0
What is the hundreds digit of 7832108?
1
What is the ten millions digit of 15354454?
1
What is the units digit of 336902979?
9
What is the ten thousands digit of 391690157?
9
What is the units digit of 2689542027?
7
What is the ten millions digit of 160559434?
6
What is the hundreds digit of 76839829?
8
What is the hundreds digit of 9543807?
8
What is the ten millions digit of 81648926?
8
What is the hundred millions digit of 452871659?
4
What is the tens digit of 80194757?
5
What is the millions digit of 171832446?
1
What is the ten millions digit of 47290970?
4
What is the millions digit of 5572730485?
2
What is the ten thousands digit of 4965382973?
8
What is the tens digit of 334255677?
7
What is the units digit of 87294748?
8
What is the ten millions digit of 76613036?
7
What is the hundred thousands digit of 5285065317?
0
What is the ten thousands digit of 1029916304?
1
What is the hundred thousands digit of 2443917068?
9
What is the ten thousands digit of 172993237?
9
What is the units digit of 4568981201?
1
What is the ten thousands digit of 215157089?
5
What is the tens digit of 72899364?
6
What is the tens digit of 259590516?
1
What is the hundreds digit of 554456490?
4
What is the tens digit of 53406223?
2
What is the units digit of 48472305?
5
What is the ten thousands digit of 836821474?
2
What is the ten millions digit of 17169516?
1
What is the thousands digit of 4041671431?
1
What is the thousands digit of 35352593?
2
What is the hundreds digit of 5601056247?
2
What is the hundreds digit of 1566336158?
1
What is the ten millions digit of 70434675?
7
What is the ten thousands digit of 83371470?
7
What is the thousands digit of 128602513?
2
What is the ten thousands digit of 19602257?
0
What is the thousands digit of 46811553?
1
What is the hundred millions digit of 1218607640?
2
What is the thousands digit of 50989491?
9
What is the hundreds digit of 4091600895?
8
What is the thousands digit of 1427334383?
4
What is the thousands digit of 165102328?
2
What is the millions digit of 1078069895?
8
What is the tens digit of 9908890?
9
What is the hundred thousands digit of 42351376?
3
What is the units digit of 420703664?
4
What is the hundreds digit of 734048420?
4
What is the units digit of 1956914719?
9
What is the tens digit of 273300760?
6
What is the millions digit of 1352959320?
2
What is the thousands digit of 93555392?
5
What is the units digit of 6180591298?
8
What is the hundred mill